).
-28
Let a(y) = -2*y**3 + 115*y**2 + 74*y - 789. Determine a(58).
139
Let v(k) = k**2 - 507*k - 17186. What is v(-32)?
62
Let b(p) = 5*p**2 + 225*p + 1279. Give b(-6).
109
Let j(c) = 5070*c + 35586. What is j(-7)?
96
Let d(h) = -168848*h - 675354. Determine d(-4).
38
Let k(f) = 7*f**2 - 541*f + 3780. Give k(70).
210
Let c(r) = -58*r**2 + 1548*r + 499. What is c(27)?
13
Let q(i) = -78*i**3 + 2729*i**2 + 148*i - 3964. Calculate q(35).
-9
Let o(w) = -7*w**3 - 95*w**2 + 24*w - 129. Give o(-14).
123
Let j(s) = -6324*s - 68850. Give j(-11).
714
Let n(a) = -2*a**3 + 6*a**2 + 170*a - 784. What is n(8)?
-64
Let q(l) = 26418*l - 78352. Give q(3).
902
Let x(g) = -5*g**3 - 37*g**2 + 215*g - 29. Determine x(0).
-29
Let y(s) = s**3 + 13*s**2 - 132*s + 182. Give y(-20).
22
Let r(d) = d**3 - 6*d**2 - 227*d + 1528. What is r(7)?
-12
Let w(y) = -912*y + 60061. Determine w(65).
781
Let l(s) = 2*s**3 - 516*s**2 + 3519*s + 4. Calculate l(7).
39
Let z(k) = -k**3 - 8*k**2 + 942*k + 1989. What is z(28)?
141
Let t(m) = -1139*m + 16368. Calculate t(14).
422
Let l(k) = 287*k - 18573. Determine l(65).
82
Let g(p) = -53*p**3 + 849*p**2 + 238*p - 4070. What is g(16)?
-6
Let l(h) = -126921*h - 1649963. Determine l(-13).
10
Let g(b) = -5*b**2 + 159*b + 1748. Give g(40).
108
Let y(m) = 232*m**2 - 34579*m + 1647. Give y(149).
8
Let s(f) = 13*f**3 + 46*f**2 - 42*f - 242. Calculate s(-3).
-53
Let g(b) = -120*b**3 + 11*b**2 + 51*b + 138. Give g(-3).
3324
Let r(z) = 55846*z + 1228612. Calculate r(-22).
0
Let j(l) = 185*l**2 - 3711*l + 221. Calculate j(20).
1
Let c(m) = 101975*m + 407898. What is c(-4)?
-2
Let o(h) = -2*h**3 - 74*h**2 + 58*h + 2198. Give o(-37).
52
Let z(l) = -l**3 + 8*l**2 - 1943*l + 17613. Calculate z(9).
45
Let w(r) = 66882*r + 5350531. Calculate w(-80).
-29
Let f(z) = 13158*z - 105153. Determine f(8).
111
Let o(k) = -3*k**3 + 23*k**2 + 9*k + 524. Give o(10).
-86
Let r(f) = -345223*f - 1726111. Calculate r(-5).
4
Let r(h) = -h**2 - 2030*h - 97065. Calculate r(-49).
4
Let d(s) = -s**3 - 80*s**2 + 178*s + 7858. Give d(-81).
1
Let o(r) = -4*r**2 + 439*r - 1456. Calculate o(105).
539
Let w(s) = s**3 - 27*s**2 + 38*s + 307. Determine w(25).
7
Let z(k) = -133*k + 1067. Give z(-6).
1865
Let v(n) = -2*n**3 - 22*n**2 + 91*n + 4. Determine v(-12).
-800
Let r(f) = 4604*f - 50656. Calculate r(11).
-12
Let x(h) = 3*h**3 + 24*h**2 + 257*h + 1651. Determine x(-7).
-1
Let m(f) = -f**3 - 104*f**2 - 1017*f + 625. Give m(-93).
67
Let d(n) = 126*n - 847. Give d(3).
-469
Let p(o) = -10*o**2 - 138726*o - 138728. Calculate p(-1).
-12
Let x(q) = 3*q**3 + 207*q**2 + 1255*q - 2922. Calculate x(-62).
-8
Let a(j) = -617*j**3 + 164*j**2 + 163*j - 2. Calculate a(-1).
616
Let z(o) = 17277*o - 708356. What is z(41)?
1
Let d(m) = 22*m**2 + 996*m + 1008. What is d(-1)?
34
Let v(w) = -3*w**2 - 333846*w - 3671941. Give v(-11).
2
Let l(a) = -10984*a + 296566. What is l(27)?
-2
Let d(z) = 92*z + 8717. Give d(-117).
-2047
Let z(s) = -13010*s + 51805. Calculate z(4).
-235
Let o(f) = 41*f**2 - 533*f - 42. Give o(13).
-42
Let h(z) = 1227*z**2 + 1213*z + 2410. What is h(-2)?
4892
Let g(v) = -5*v**2 + 13777*v + 263522. Determine g(-19).
-46
Let g(q) = 3*q**2 + 67*q + 270. Give g(-24).
390
Let z(y) = -346*y - 36926. Determine z(-107).
96
Let y(b) = -9*b**2 - 39*b - 38. Give y(7).
-752
Let m(j) = -j**2 - 37490*j + 112475. What is m(3)?
-4
Let u(p) = -38*p**2 - 365*p + 4419. Determine u(7).
2
Let b(j) = 13591*j**2 - 27147*j - 1. What is b(2)?
69
Let j(n) = -15227*n - 561. Determine j(0).
-561
Let f(h) = 51*h + 2140. What is f(20)?
3160
Let x(q) = -q**3 - q**2 + 2758*q + 643. Calculate x(52).
747
Let p(r) = 31189*r + 998050. Give p(-32).
2
Let b(o) = o**3 - 42*o**2 + 393*o - 13. Calculate b(14).
1
Let g(v) = -v**3 + 24*v**2 + 147*v - 3013. Determine g(25).
37
Let d(r) = -616*r + 7428. Determine d(12).
36
Let a(r) = -10556*r + 612254. Give a(58).
6
Let s(u) = 23*u**3 - 357*u**2 - 2640*u - 122. Give s(21).
4
Let h(z) = 5119*z - 31337. Give h(6).
-623
Let c(r) = 11542*r + 1096486. Determine c(-95).
-4
Let o(c) = 2*c**3 + 67*c**2 - 461*c - 10102. What is o(-36)?
14
Let l(a) = -4*a**3 - 195*a**2 - 142*a + 132. Give l(-48).
36
Let y(z) = -6*z**2 - 66384*z + 199210. What is y(3)?
4
Let k(f) = f**2 - 1817*f - 14. Determine k(0).
-14
Let m(v) = 7*v**3 - 742*v**2 - 7235*v - 1146. Give m(115).
4
Let f(r) = -15043*r + 135375. What is f(9)?
-12
Let m(o) = -o**2 + 6494*o - 4030303. What is m(695)?
2
Let w(j) = 8*j**2 + 97*j - 104. Calculate w(-11).
-203
Let f(l) = 3*l**3 + 793*l**2 - 9597*l + 17369. What is f(-276)?
-19
Let c(y) = 282*y - 191801. Calculate c(681).
241
Let x(t) = -294*t - 16718. Calculate x(-74).
5038
Let t(s) = 147*s + 22344. Give t(-152).
0
Let t(p) = -40*p**2 - 6722*p + 6747. What is t(1)?
-15
Let m(c) = -138946*c - 1250529. What is m(-9)?
-15
Let a(v) = -4*v**3 - 467*v**2 - 307*v + 4862. Determine a(-116).
106
Let k(x) = x**2 - 1426*x - 100915. Give k(-68).
677
Let k(l) = 4158*l + 1613301. Calculate k(-388).
-3
Let p(r) = -r**2 + 232*r + 50541. Calculate p(369).
-12
Let m(r) = 95*r**2 + 4034*r + 1847. Calculate m(-42).
-1
Let a(q) = -49*q**2 + 3324*q - 34584. What is a(55)?
11
Let q(g) = 4344*g + 10360. Give q(-2).
1672
Let g(v) = v**2 - 1704*v - 310422. Determine g(-166).
-2
Let c(x) = 484*x - 582. Give c(2).
386
Let h(b) = -8*b**3 + 217*b**2 - 1238*b - 27. Determine h(19).
-84
Let f(l) = 2*l**3 - 83*l**2 + 285*l + 383. Determine f(5).
-17
Let o(w) = -w**2 + 172*w + 19116. Give o(-77).
-57
Let d(c) = -94*c + 2270. What is d(24)?
14
Let c(t) = 4*t**2 - 2816*t + 11190. What is c(4)?
-10
Let l(z) = 16*z**2 + 279*z - 203. Determine l(-18).
-41
Let a(u) = 2*u**3 - 845*u**2 - 1277*u + 2100. What is a(424)?
-20
Let m(x) = -x**3 - 3*x**2 + 120*x + 47. Calculate m(-11).
-305
Let x(j) = j**3 - j**2 - 647*j - 118. Determine x(28).
2934
Let g(a) = 1954*a - 19649. What is g(10)?
-109
Let j(v) = -148*v**2 + 4*v + 124. Give j(1).
-20
Let t(s) = -s**3 + 11*s**2 - 6007*s + 66085. Give t(11).
8
Let i(d) = 2*d**3 - 9*d**2 - 225*d + 782. Give i(3).
80
Let m(b) = b**3 + 42*b**2 - 36*b + 985. What is m(-43)?
684
Let s(y) = 81374*y + 81382. Calculate s(-1).
8
Let f(j) = 226*j - 16954. Determine f(70).
-1134
Let a(h) = 2044119*h - 2044125. What is a(1)?
-6
Let j(x) = 6*x**3 - 12*x**2 + 7*x - 14. Determine j(6).
892
Let t(i) = 2*i**2 - 7*i - 12993. Determine t(-79).
42
Let b(j) = j**3 - 124*j**2 + 1752*j + 7. Determine b(16).
391
Let i(d) = -3*d**3 + 1915*d**2 - 2294*d - 161794. Give i(637).
4
Let b(k) = 91*k**2 - 18929*k + 228. Calculate b(208).
20
Let z(a) = 85*a**3 + 8*a**2 - 15. Give z(2).
697
Let h(k) = -2*k - 2422. Determine h(-71).
-2280
Let r(v) = 48705*v + 827991. Calculate r(-17).
6
Let s(q) = 9*q**3 + 285*q**2 + 1364*q - 131. Calculate s(-6).
1
Let f(j) = j**3 + 4*j**2 + 4227*j + 16908. What is f(-4)?
0
Let p(d) = -1146*d**2 - 3364*d + 160. Give p(-3).
-62
Let n(o) = -o**3 + 173*o**2 + 445*o - 16633. Calculate n(175).
-8
Let n(k) = 1355*k**2 - 2754*k + 82. Calculate n(2).
-6
Let s(g) = -3*g**2 - 692*g - 12658. Give s(-20).
-18
Let k(y) = -70443*y + 211322. Give k(3).
-7
Let m(f) = -354*f**2 - 5185*f - 51. Calculate m(-14).
3155
Let c(n) = 73*n**2 + 588*n - 589. Give c(1).
72
Let i(o) = o**2 - 867*o - 42957. Give i(-47).
1
Let u(l) = 7*l**2 + 165*l + 61. Calculate u(-25).
311
Let z(w) = -258317*w + 5941288. Calculate z(23).
-3
Let t(d) = d**2 - 1514*d + 498521. Determine t(484).
1
Let v(n) = -n**3 + 26*n**2 + 58. Calculate v(26).
58
Let r(h) = h**3 + 346*h**2 + 2696*h + 27. Give r(-8).
91
Let v(b) = 333*b**2 + 14294*b - 1078. Give v(-43).
-3
Let k(s) = -s**2 - 358*s - 9549. Calculate k(-51).
6108
Let m(u) = 1762832*u - 10576979. Calculate m(6).
13
Let o(n) = 721853*n - 721899. Calculate o(1).
-46
Let q(j) = -367*j + 38123. What is q(104)?
-45
Let i(y) = y**3 + 78*y**2 + 1025*y + 73017. Calculate i(-77).
21
Let k(n) = -172891*n + 1037355. Determine k(6).
9
Let c(g) = 4*g**2 + 927*g - 40887. Determine c(38).
115
Let g(s) = -s**2 - 1480*s - 114641. Calculate g(-82).
-5
Let z(j) = -2964*j - 284758. What is z(-96)?
-214
Let j(m) = 41*m**3 - 618*m**2 + 2323*m + 3. Calculate j(8).
27
Let o(x) = 409*x - 8515. Determine o(29).
3346
Let k(z) = -17508*z + 83585. Determine k(5).
-3955
Let w(n) = 1579*n + 22499. Determine 